{"id":161,"date":"2014-08-19T15:12:47","date_gmt":"2014-08-19T13:12:47","guid":{"rendered":"http:\/\/www.moderneseiten.de\/newmodsite\/?page_id=161"},"modified":"2014-11-04T13:16:20","modified_gmt":"2014-11-04T11:16:20","slug":"profil","status":"publish","type":"page","link":"https:\/\/www.moderneseiten.de\/newmodsite\/profil\/","title":{"rendered":"Profil"},"content":{"rendered":"<p><strong>moderneseiten.de<\/strong> wurde 2004 von Sven Lochmann gegr\u00fcndet und bietet Ihnen:<\/p>\n<p>\/\/ interaktive technische und naturwissenschaftliche Simulationen<\/p>\n<p>\/\/ technische und naturwissenschaftliche Animationen<\/p>\n<p>\/\/ Lernsoftware und digitale Lernspiele<\/p>\n<p>Professionalit\u00e4t und pers\u00f6nliches Engagement, bei gr\u00f6\u00dferen Budgets wie auch kleineren Projekten sind uns sehr wichtig. Nur durch enge Zusammenarbeit und viel Liebe zum Detail werden wir unserem eigenen Anspruch gerecht, \u00fcberzeugende und individuelle L\u00f6sungen zu entwickeln.<\/p>\n<p><strong>Beratung, Konzeption und Realisation<\/strong> (Design und Programmierung) aus einer Hand gew\u00e4hrleisten wir durch:<\/p>\n<p>\/\/ langj\u00e4hrige Erfahrung bei der Entwicklung interaktiver digitaler Anwendungen unterschiedlichster Einsatzbereiche (Kiosksysteme, CD\/DVD, WWW)<\/p>\n<p>\/\/ ein weit gef\u00e4chertes Kundenspektrum (Kunst, Kultur, Naturwissenschaften, Museen, museumsp\u00e4dagogische Dienste, Verlage, Schulen, Marketing, etc.)<\/p>\n<p>Wir sind gut vernetzt und kooperieren bei Bedarf mit kompetenten und erfahrenen Partnern (Autoren, Fotografen, Illustratoren, Programmierern, Textern).<\/p>\n<p><a title=\"Sven Lochmann\" href=\"http:\/\/www.moderneseiten.de\/newmodsite\/profil\/sven-lochmann\/\">Sven Lochmann<\/a> <span style=\"color: #ff9900;\">\/<\/span> <a title=\"Referenzen\" href=\"http:\/\/www.moderneseiten.de\/newmodsite\/profil\/referenzen\/\">Referenzen<\/a><\/p>\n","protected":false},"excerpt":{"rendered":"<p>moderneseiten.de wurde 2004 von Sven Lochmann gegr\u00fcndet und bietet Ihnen: \/\/ interaktive technische und naturwissenschaftliche Simulationen \/\/ technische und.<\/p>\n","protected":false},"author":1,"featured_media":0,"parent":0,"menu_order":0,"comment_status":"closed","ping_status":"closed","template":"layout-sidebar-content.php","meta":[],"_links":{"self":[{"href":"https:\/\/www.moderneseiten.de\/newmodsite\/wp-json\/wp\/v2\/pages\/161"}],"collection":[{"href":"https:\/\/www.moderneseiten.de\/newmodsite\/wp-json\/wp\/v2\/pages"}],"about":[{"href":"https:\/\/www.moderneseiten.de\/newmodsite\/wp-json\/wp\/v2\/types\/page"}],"author":[{"embeddable":true,"href":"https:\/\/www.moderneseiten.de\/newmodsite\/wp-json\/wp\/v2\/users\/1"}],"replies":[{"embeddable":true,"href":"https:\/\/www.moderneseiten.de\/newmodsite\/wp-json\/wp\/v2\/comments?post=161"}],"version-history":[{"count":9,"href":"https:\/\/www.moderneseiten.de\/newmodsite\/wp-json\/wp\/v2\/pages\/161\/revisions"}],"predecessor-version":[{"id":1245,"href":"https:\/\/www.moderneseiten.de\/newmodsite\/wp-json\/wp\/v2\/pages\/161\/revisions\/1245"}],"wp:attachment":[{"href":"https:\/\/www.moderneseiten.de\/newmodsite\/wp-json\/wp\/v2\/media?parent=161"}],"curies":[{"name":"wp","href":"https:\/\/api.w.org\/{rel}","templated":true}]}}